
Is 3287 composite?
True
Is 19562 a prime number?
False
Is 19111 a composite number?
True
Is 100591 a prime number?
True
Is 28687 prime?
True
Is 1685 prime?
False
Is 2705 a composite number?
True
Is 4259 composite?
False
Is 31957 a prime number?
True
Is 24502 prime?
False
Is 4327 a composite number?
False
Is 6502 composite?
True
Is 13511 a composite number?
True
Is 2569 a composite number?
True
Is 43313 a prime number?
True
Is 23038 a prime number?
False
Is 893 prime?
False
Is 59273 a composite number?
False
Is 10145 a composite number?
True
Is 18143 composite?
False
Is 26458 a composite number?
True
Is 159311 prime?
True
Is 1832469 a composite number?
True
Is 17707 composite?
False
Is 3457 composite?
False
Is 703741 composite?
True
Is 34669 prime?
False
Is 7349 composite?
False
Is 27941 prime?
True
Is 619 composite?
False
Is 8803 prime?
True
Is 258233 a prime number?
True
Is 240785 prime?
False
Is 96751 a prime number?
False
Is 1557079 a prime number?
True
Is 26141 a prime number?
True
Is 40631 prime?
False
Is 56255 composite?
True
Is 79771 a composite number?
True
Is 351007 a composite number?
True
Is 509311 composite?
True
Is 69815 composite?
True
Is 1807277 prime?
True
Is 403 a prime number?
False
Is 1711 a prime number?
False
Is 4783 prime?
True
Is 1686305 prime?
False
Is 38953 a prime number?
True
Is 151279 a prime number?
True
Is 14435 a prime number?
False
Is 5167 a composite number?
False
Is 79385 prime?
False
Is 37217 a composite number?
False
Is 8803 a prime number?
True
Is 111427 composite?
False
Is 20477 prime?
True
Is 2741561 a composite number?
False
Is 85713 a composite number?
True
Is 13303 composite?
True
Is 48463 a prime number?
True
Is 1163 prime?
True
Is 12127 a prime number?
False
Is 82997 composite?
False
Is 794083 composite?
True
Is 7037 a prime number?
False
Is 13331 prime?
True
Is 22719 a composite number?
True
Is 159899 a composite number?
False
Is 9899 a prime number?
False
Is 4359787 a prime number?
True
Is 136553 composite?
True
Is 163289 prime?
False
Is 1949 prime?
True
Is 23557 prime?
True
Is 35089 prime?
True
Is 37055 a prime number?
False
Is 108111 prime?
False
Is 111 prime?
False
Is 48197 a prime number?
True
Is 9014 composite?
True
Is 5569 a prime number?
True
Is 4637 a prime number?
True
Is 32491 a composite number?
False
Is 60427 a composite number?
False
Is 5623 composite?
False
Is 5399 composite?
False
Is 264415 composite?
True
Is 39293 a prime number?
True
Is 502505 composite?
True
Is 34329 a composite number?
True
Is 764111 a composite number?
False
Is 407 a composite number?
True
Is 33809 a composite number?
False
Is 23462 prime?
False
Is 30803 composite?
False
Is 56473 a composite number?
False
Is 38783 a composite number?
False
Is 14813 prime?
True
Is 121033 composite?
True
Is 33179 prime?
True
Is 1814 a prime number?
False
Is 762889 a prime number?
False
Is 813 composite?
True
Is 124577 prime?
True
Is 3037 composite?
False
Is 1757221 prime?
True
Is 2563 a prime number?
False
Is 12587 composite?
True
Is 79031 a composite number?
False
Is 923 a prime number?
False
Is 374923 a prime number?
False
Is 105359 a composite number?
False
Is 43777 a prime number?
True
Is 83527 a prime number?
False
Is 93187 prime?
True
Is 590858 a composite number?
True
Is 1478161 composite?
False
Is 13643 a composite number?
True
Is 97327 a prime number?
True
Is 287171 a composite number?
True
Is 44015 prime?
False
Is 11443 a composite number?
False
Is 30293 a composite number?
False
Is 55799 composite?
False
Is 31799 a prime number?
True
Is 158707 composite?
True
Is 119207 a composite number?
True
Is 4201 a composite number?
False
Is 26669 prime?
True
Is 602677 composite?
False
Is 1850561 a composite number?
False
Is 8903 a composite number?
True
Is 163697 a composite number?
False
Is 262781 prime?
True
Is 113395 a composite number?
True
Is 17729 a composite number?
False
Is 13253 a prime number?
False
Is 48299 composite?
False
Is 10973 a composite number?
False
Is 4373 a prime number?
True
Is 13997 composite?
False
Is 6389 composite?
False
Is 899959 prime?
False
Is 157501 prime?
False
Is 29663 composite?
False
Is 95177 a composite number?
False
Is 19673 composite?
True
Is 901 a composite number?
True
Is 29473 composite?
False
Is 3593 composite?
False
Is 16239 composite?
True
Is 15817 prime?
True
Is 271559 prime?
False
Is 63431 a composite number?
True
Is 129 prime?
False
Is 182701 prime?
True
Is 4357993 a composite number?
False
Is 561569 a prime number?
False
Is 95005 composite?
True
Is 15937 prime?
True
Is 3659 composite?
False
Is 16381 a prime number?
True
Is 12171 composite?
True
Is 55949 a prime number?
True
Is 392669 prime?
True
Is 56081 composite?
False
Is 2897 a prime number?
True
Is 1656953 a prime number?
True
Is 1452109 prime?
True
Is 1821 prime?
False
Is 133919 a prime number?
True
Is 35437 prime?
True
Is 21703 a composite number?
True
Is 24713 prime?
False
Is 4409 composite?
False
Is 40637 prime?
True
Is 3299 composite?
False
Is 6122 prime?
False
Is 328873 composite?
True
Is 27769 a composite number?
True
Is 27179 prime?
True
Is 62513 a composite number?
True
Is 809 composite?
False
Is 1362401 prime?
True
Is 44677 a composite number?
True
Is 41941 prime?
True
Is 722537 prime?
True
Is 865174 a prime number?
False
Is 22179 prime?
False
Is 3941 a composite number?
True
Is 131597 composite?
True
Is 1009 a prime number?
True
Is 911 a prime number?
True
Is 15095 prime?
False
Is 21211 prime?
True
Is 2040539 a composite number?
False
Is 172477 a composite number?
True
Is 143779 a prime number?
True
Is 47999 composite?
True
Is 52613 a composite number?
True
Is 34097 composite?
True
Is 9997 composite?
True
Is 319 composite?
True
Is 80287 a composite number?
False
Is 134399 a composite number?
False
Is 26599 a composite number?
True
Is 4303 composite?
True
Is 13669 prime?
True
Is 52373 composite?
True
Is 1804078 prime?
False
Is 167093 a prime number?
False
Is 1334629 prime?
True
Is 172127 a prime number?
True
Is 1073 a prime number?
False
Is 29837 composite?
False
Is 271587 prime?
False
Is 126103 a prime number?
False
Is 180617 a prime number?
True
Is 199559 a prime number?
True
Is 13043 a composite number?
False
Is 3142 prime?
False
Is 103193 a prime number?
False
Is 195395 composite?
True
Is 8353 prime?
True
Is 17657 a prime number?
True
Is 14951 a composite number?
False
Is 455627 a prime number?
True
Is 145633 a prime number?
True
Is 1247 composite?
True
Is 78779 a prime number?
True
Is 607465 a composite number?
True
Is 12955 prime?
False
Is 29917 a prime number?
True
Is 700757 prime?
False
Is 19853 a composite number?
False
Is 19801 prime?
True
Is 830339 prime?
True
Is 582227 prime?
True
Is 57241 prime?
True
Is 61543 a composite number?
False
Is 102917 a composite number?
True
Is 8383 a composite number?
True
Is 214849 a prime number?
True
Is 1709 a composite number?
False
Is 6197 composite?
False
Is 17351 a prime number?
True
Is 2941 composite?
True
Is 4583 a composite number?
False
Is 13263 prime?
False
Is 118 a prime number?
False
Is 149 a prime number?
True
Is 125809 a prime number?
False
Is 814403 a prime number?
True
Is 36731 a composite number?
True
Is 18839 a composite number?
False
Is 16127 a composite number?
False
Is 83207 prime?
True
Is 26581 composite?
True
Is 626105 a composite number?
True
Is 51553 prime?
False
Is 738695 prime?
False
Is 18303 a prime number?
False
Is 345119 a composite number?
True
Is 8501 a composite number?
False
Is 54973 a prime number?
True
Is 65789 composite?
False
Is 7031 prime?
False
Is 541 a prime number?
True
Is 46021 prime?
True
Is 17020291 composite?
False
Is 1789261 prime?
True
Is 11057 composite?
False
Is 2757437 a composite number?
False
Is 1188491 a composite number?
False
Is 95543 a composite number?
True
Is 118 prime?
False
Is 13799 a prime number?
True
Is 10973 composite?
False
Is 128995 prime?
False
Is 1901 a prime number?
True
Is 8529 composite?
True
Is 5813 a composite number?
False
Is 14519 a composite number?
False
Is 109073 prime?
True
Is 2579 prime?
True
Is 1739 a prime number?
False
Is 1473 a composite number?
True
Is 4087 prime?
False
Is 4283 a prime number?
True
Is 10347 a prime number?
False
Is 7129 prime?
True
Is 2180957 prime?
True
Is 7411 composi